
What is the hundred millions digit of 2062022115?
0
What is the millions digit of 452044942?
2
What is the ten millions digit of 1599901753?
9
What is the tens digit of 3374574606?
0
What is the millions digit of 76021101?
6
What is the hundreds digit of 62852619?
6
What is the ten millions digit of 62369440?
6
What is the ten thousands digit of 118082468?
8
What is the hundred thousands digit of 70009397?
0
What is the millions digit of 169057766?
9
What is the hundred thousands digit of 542947583?
9
What is the thousands digit of 9019065?
9
What is the millions digit of 1551661530?
1
What is the tens digit of 493556845?
4
What is the units digit of 1584607754?
4
What is the thousands digit of 1260998558?
8
What is the tens digit of 1225787041?
4
What is the millions digit of 134115027?
4
What is the thousands digit of 224085622?
5
What is the ten thousands digit of 887718507?
1
What is the units digit of 225802752?
2
What is the tens digit of 21603533?
3
What is the units digit of 142353225?
5
What is the billions digit of 1135509917?
1
What is the hundred thousands digit of 168148653?
1
What is the ten millions digit of 53536906?
5
What is the hundred millions digit of 3224225825?
2
What is the ten millions digit of 46626367?
4
What is the tens digit of 44329348?
4
What is the units digit of 2462245757?
7
What is the billions digit of 2281748209?
2
What is the hundred millions digit of 3938450784?
9
What is the thousands digit of 1431950308?
0
What is the millions digit of 838456393?
8
What is the ten thousands digit of 2217468166?
6
What is the units digit of 139118362?
2
What is the thousands digit of 322298374?
8
What is the hundred millions digit of 150292989?
1
What is the thousands digit of 321368087?
8
What is the ten thousands digit of 149532308?
3
What is the tens digit of 101172229?
2
What is the hundred millions digit of 457958128?
4
What is the ten millions digit of 72881182?
7
What is the thousands digit of 1614192776?
2
What is the ten thousands digit of 80625213?
2
What is the units digit of 2875403892?
2
What is the tens digit of 52273223?
2
What is the thousands digit of 28801689?
1
What is the hundred thousands digit of 364554082?
5
What is the hundred thousands digit of 15297159?
2
What is the thousands digit of 277121718?
1
What is the ten thousands digit of 1242211056?
1
What is the thousands digit of 59109550?
9
What is the units digit of 302432484?
4
What is the millions digit of 48934961?
8
What is the hundreds digit of 70465244?
2
What is the millions digit of 49626192?
9
What is the hundreds digit of 54935101?
1
What is the tens digit of 344750339?
3
What is the millions digit of 91979706?
1
What is the hundred thousands digit of 55928582?
9
What is the units digit of 60450174?
4
What is the ten millions digit of 37737874?
3
What is the tens digit of 26067451?
5
What is the hundred millions digit of 560917121?
5
What is the ten millions digit of 10770585?
1
What is the ten millions digit of 821820409?
2
What is the hundreds digit of 250068891?
8
What is the ten thousands digit of 255056477?
5
What is the ten millions digit of 32616216?
3
What is the ten thousands digit of 744255114?
5
What is the hundred thousands digit of 161983141?
9
What is the ten thousands digit of 639982317?
8
What is the hundreds digit of 31535844?
8
What is the ten millions digit of 108829682?
0
What is the tens digit of 40699478?
7
What is the units digit of 54849298?
8
What is the tens digit of 44044019?
1
What is the units digit of 1632733902?
2
What is the millions digit of 171220314?
1
What is the hundred millions digit of 5470266940?
4
What is the units digit of 11345254?
4
What is the hundred millions digit of 287627327?
2
What is the hundreds digit of 64309622?
6
What is the hundred millions digit of 254915136?
2
What is the hundreds digit of 124625254?
2
What is the hundred millions digit of 1272097701?
2
What is the tens digit of 877468561?
6
What is the ten millions digit of 21535365?
2
What is the thousands digit of 1160159412?
9
What is the units digit of 83127001?
1
What is the hundred millions digit of 1114923728?
1
What is the hundred thousands digit of 2012696204?
6
What is the units digit of 61999979?
9
What is the thousands digit of 102396782?
6
What is the tens digit of 21559390?
9
What is the ten millions digit of 45058294?
4
What is the ten thousands digit of 86359753?
5
What is the units digit of 39457174?
4
What is the hundreds digit of 1161570914?
9
What is the units digit of 90190597?
7
What is the tens digit of 2099400172?
7
What is the ten thousands digit of 469944442?
4
What is the millions digit of 171293577?
1
What is the units digit of 26525750?
0
What is the tens digit of 87307834?
3
What is the ten thousands digit of 81394329?
9
What is the hundred thousands digit of 1276108421?
1
What is the ten thousands digit of 17663274?
6
What is the billions digit of 3544232082?
3
What is the hundred thousands digit of 14862915?
8
What is the ten thousands digit of 229243907?
4
What is the units digit of 391769195?
5
What is the hundred millions digit of 6252689654?
2
What is the hundreds digit of 496676305?
3
What is the ten millions digit of 86113429?
8
What is the units digit of 320718251?
1
What is the tens digit of 369402734?
3
What is the units digit of 21836459?
9
What is the millions digit of 291333191?
1
What is the thousands digit of 1967970816?
0
What is the ten thousands digit of 392814533?
1
What is the millions digit of 15077803?
5
What is the tens digit of 1404730617?
1
What is the hundreds digit of 4087183?
1
What is the thousands digit of 98089086?
9
What is the billions digit of 1293982890?
1
What is the hundred millions digit of 225355750?
2
What is the units digit of 2735967457?
7
What is the tens digit of 153614392?
9
What is the thousands digit of 137434148?
4
What is the ten thousands digit of 436251685?
5
What is the hundred thousands digit of 46333319?
3
What is the tens digit of 42245386?
8
What is the hundreds digit of 65107787?
7
What is the units digit of 992333969?
9
What is the hundreds digit of 42421645?
6
What is the hundreds digit of 2342538954?
9
What is the hundreds digit of 32937171?
1
What is the ten thousands digit of 84907406?
0
What is the thousands digit of 248448251?
8
What is the tens digit of 309341072?
7
What is the ten thousands digit of 2116476257?
7
What is the millions digit of 27084629?
7
What is the hundreds digit of 88450864?
8
What is the hundred thousands digit of 174281838?
2
What is the ten millions digit of 413078921?
1
What is the ten millions digit of 92275395?
9
What is the ten millions digit of 1955221521?
5
What is the units digit of 226246992?
2
What is the ten thousands digit of 670926234?
2
What is the millions digit of 69537402?
9
What is the hundreds digit of 103491547?
5
What is the units digit of 3449682417?
7
What is the units digit of 380274470?
0
What is the ten thousands digit of 2669114639?
1
What is the ten millions digit of 353234744?
5
What is the millions digit of 1613852720?
3
What is the ten millions digit of 4098195456?
9
What is the hundred thousands digit of 30003882?
0
What is the ten thousands digit of 2155243099?
4
What is the units digit of 87946765?
5
What is the hundred thousands digit of 31525505?
5
What is the hundred millions digit of 3223843626?
2
What is the units digit of 53548045?
5
What is the hundred thousands digit of 24778085?
7
What is the tens digit of 3464866851?
5
What is the millions digit of 226267140?
6
What is the millions digit of 59273480?
9
What is the hundred thousands digit of 95951480?
9
What is the ten thousands digit of 836968987?
6
What is the millions digit of 207273233?
7
What is the ten thousands digit of 49823386?
2
What is the millions digit of 497869063?
7
What is the hundred millions digit of 107323318?
1
What is the tens digit of 2557445406?
0
What is the units digit of 41577526?
6
What is the hundreds digit of 1689210734?
7
What is the hundred millions digit of 440684958?
4
What is the millions digit of 1143694299?
3
What is the tens digit of 67470886?
8
What is the tens digit of 433124805?
0
What is the hundreds digit of 744636961?
9
What is the hundreds digit of 455363467?
4
What is th